{"version":"1.0","provider_name":"Le Caf\u00e9 de Capucine","provider_url":"https:\/\/capucine.cafeblog.hu","author_name":"Le Caf\u00e9 de Capucine","author_url":"https:\/\/capucine.cafeblog.hu\/author\/le_cafe_de_capucine\/","title":"F\u00f6ldh\u00e1zak ezer \u00e9v t\u00e1vlat\u00e1b\u00f3l","html":"Ahogy nemr\u00e9g \u00edg\u00e9rtem, egy \u00edr\u00e1st terveztem a M\u00fazeumfaluban megfogdosott \u00e9s megcsod\u00e1lt, \u00c1rp\u00e1d kori \u00e9p\u00edt\u00e9szeti bemutat\u00f3r\u00f3l.<br \/>\nOkt\u00f3ber 3.-\u00e1n nyitott ez a nagyj\u00e1b\u00f3l 8 h\u00e1zik\u00f3b\u00f3l \u00e1ll\u00f3 kis \"falu\" t\u00f3val \u00e9s fedett, kemenc\u00e9vel \u00f6sszek\u00f6t\u00f6tt kis s\u00fct\u00f6get\u0151vel. Mi m\u00e9g 90%-os k\u00e9sz\u00fclts\u00e9gben l\u00e1ttuk, csak kifele menet vett\u00fck \u00e9szre a bel\u00e9pni tilos t\u00e1bl\u00e1t. V\u00e1gyom arra, hogy megn\u00e9zzem milyen lett az \u00f6sszk\u00e9p a tereprendez\u00e9ssel, esetleges haszn\u00e1lati t\u00e1rgyakkal, viszont itt most nagyon sokat tanultunk a f\u00e9lk\u00e9sz szerkezetekb\u0151l, m\u00e9g nem takarta semmi.<br \/>\nUt\u00e1naolvastam a n\u00e9prajzi lexikonban (ami n\u00e1lam a kutyalexikon szintj\u00e9n van, piszkosra olvastam mindkett\u0151t), putrinak, vagy burgy\u00e9nak neveztek minden olyan lak\u00f3\u00e9p\u00fcletet, amely 60-80 cm-rel ny\u00falt a f\u00f6ldszint al\u00e1.&nbsp;Biztosan nem volt n\u00e1luk centi, hogy szabv\u00e1nym\u00e9retet k\u00e9sz\u00edtsenek, de valamit a tud\u00f3soknak is r\u00f6gz\u00edteni kell.&nbsp; <br \/>\n<table align=\"center\" cellpadding=\"0\" cellspacing=\"0\" class=\"tr-caption-container\" style=\"margin-left: auto;margin-right: auto;text-align: center\"><tbody>\n<tr><td style=\"text-align: center\"><a href=\"https:\/\/capucine.cafeblog.hu\/files\/2014\/10\/2-218.jpg\" style=\"margin-left: auto;margin-right: auto\"><img border=\"0\" src=\"https:\/\/capucine.cafeblog.hu\/files\/2014\/10\/2-218.jpg\" height=\"273\" width=\"400\" \/><\/a><\/td><\/tr>\n<tr><td class=\"tr-caption\" style=\"text-align: center\">Burgy\u00e9 h\u00e1z a magyar n\u00e9prajzi lexikonb\u00f3l<\/td><\/tr>\n<\/tbody><\/table>\nEz a k\u00e9p a sz\u00e1zadfordul\u00f3n k\u00e9sz\u00fclt, eg\u00e9szen a 2. vil\u00e1gh\u00e1bor\u00fa v\u00e9g\u00e9ig, haszn\u00e1ltak a kis falvakban ilyen zsell\u00e9r hajl\u00e9kokat. Szerintem nagyon h\u00edvogat\u00f3.S\u0151t m\u00e9g lehet tal\u00e1lni manaps\u00e1g is.<br \/>\n<br \/>\n<table align=\"center\" cellpadding=\"0\" cellspacing=\"0\" class=\"tr-caption-container\" style=\"margin-left: auto;margin-right: auto;text-align: center\"><tbody>\n<tr><td style=\"text-align: center\"><a href=\"https:\/\/capucine.cafeblog.hu\/files\/2014\/10\/22958971-k1-600x450.jpg\" style=\"margin-left: auto;margin-right: auto\"><img border=\"0\" src=\"https:\/\/capucine.cafeblog.hu\/files\/2014\/10\/22958971-k1-600x450.jpg\" height=\"300\" width=\"400\" \/><\/a><\/td><\/tr>\n<tr><td class=\"tr-caption\" style=\"text-align: center\">http:\/\/www.ingatlantajolo.hu\/ingatlan\/magyarorszag\/zala-megye\/cserszegtomaj\/haz-hazresz\/csaladi-haz\/elado-kinal\/2727989<\/td><\/tr>\n<\/tbody><\/table>\n<br \/>\n<br \/>\n<br \/>\n<br \/>\nTov\u00e1bb\u00e1 a h\u00e9jazat tapaszt\u00e1ssal k\u00e9sz\u00fclt, szalm\u00e1val, n\u00e1d fed\u00e9ssel, vagy \u00e9l\u0151 tet\u0151vel. A g\u00f6d\u00f6rb\u0151l kiemelt f\u00f6lddel a v\u00e9gfalakat tapasztott\u00e1k be \u00e9s hagytak egy keskeny ny\u00edl\u00e1st, hogy minim\u00e1lis f\u00e9nyt engedjenek be.<br \/>\n<br \/>\nA m\u00e1sik megold\u00e1s az \u00e1h\u00edtoz\u00f3knak a napsugarak beenged\u00e9s\u00e9re az a mini ablak, nagyj\u00e1b\u00f3l 30x40 cm amelyet egy v\u00e9kony b\u0151rrel fedtek. Olyan feszesen volt r\u00e1h\u00fazva a keretre, hogy meg lehetett doboltatni.<br \/>\nDe ne szaladjunk el\u0151re a r\u00e9szletekkel.<br \/>\nElviekben \u00e9n \u00fagy mentem oda, hogy ez korabeli technik\u00e1kkal van fel\u00e9p\u00edtve \u00e9s olyan elfogult voltam, hogy nem is vettem \u00e9szre semmit, csak egy h\u00e9ttel k\u00e9s\u0151bb, mikor besz\u00e9lgett\u00fcnk, mes\u00e9lte P. a kis szemf\u00fcles, hogy az\u00e9rt n\u00e9h\u00e1ny Bau**x-os sz\u00f6get felfedezett a mat\u00e9ri\u00e1ban.<br \/>\nAz \u00e9rt\u00e9k\u00e9b\u0151l nem von le semmit, mert a nagy szerkezetek f\u00e1b\u00f3l k\u00e9sz\u00fclt csapokkal voltak r\u00f6gz\u00edtve. A tart\u00f3szerkezet f\u00e1i le voltak h\u00e1ntva, bel\u00fclr\u0151l gy\u00f6ny\u00f6r\u0171en ki lehetett venni a szerkezetet.<br \/>\nMinden kunyh\u00f3ban volt egy kis tapasztott kemence, err\u0151l \u00fagy olvastam, hogy az ajt\u00f3n \u00e9s a szerkezet r\u00e9sein sziv\u00e1rgott ki a f\u00fcstje, de itt t\u00f6bb m\u00f3don volt megoldva.<br \/>\nVolt ez a m\u00f3dszer, volt olyan hely, ahol egy kezdetleges k\u00fcrt\u0151t \u00e9p\u00edtettek vessz\u0151b\u0151l, ami terelte&nbsp; a felsz\u00e1ll\u00f3 f\u00fcst\u00f6t.<br \/>\nMajdhogynem ah\u00e1ny h\u00e1z volt, annyi k\u00fcl\u00f6nleges technik\u00e1t l\u00e1ttam, arra vonatkoz\u00f3an, hogy hogyan ment a lej\u00e1r\u00e1s a padl\u00f3szintre. Volt olyan, hogy egy far\u00f6nkbe v\u00e1gtak l\u00e9pcs\u0151 fokokat, volt akad\u00e1lymentes\u00edtett r\u00e1mpa, voltak f\u00f6ldb\u0151l kiv\u00e1gott l\u00e9pcs\u0151k, ezek pepit\u00e1ja, vagyis amikor l\u00e9ceket t\u00f6lt\u00f6ttek fel f\u00f6lddel.&nbsp; <br \/>\n&nbsp;&nbsp; <br \/>\n<table align=\"center\" cellpadding=\"0\" cellspacing=\"0\" class=\"tr-caption-container\" style=\"margin-left: auto;margin-right: auto;text-align: center\"><tbody>\n<tr><td style=\"text-align: center\"><a href=\"https:\/\/capucine.cafeblog.hu\/files\/2014\/10\/IMG_2276-450x600.jpg\" style=\"margin-left: auto;margin-right: auto\"><img border=\"0\" src=\"https:\/\/capucine.cafeblog.hu\/files\/2014\/10\/IMG_2276-450x600.jpg\" height=\"640\" width=\"480\" \/><\/a><\/td><\/tr>\n<tr><td class=\"tr-caption\" style=\"text-align: center\">A l\u00e9cekkel fedett r\u00e9sz volt a h\u0171t\u0151, azt mondt\u00e1k az okosok<\/td><\/tr>\n<\/tbody><\/table>\n<br \/>\n<table align=\"center\" cellpadding=\"0\" cellspacing=\"0\" class=\"tr-caption-container\" style=\"margin-left: auto;margin-right: auto;text-align: center\"><tbody>\n<tr><td style=\"text-align: center\"><a href=\"https:\/\/capucine.cafeblog.hu\/files\/2014\/10\/IMG_2282-600x450.jpg\" style=\"margin-left: auto;margin-right: auto\"><img border=\"0\" src=\"https:\/\/capucine.cafeblog.hu\/files\/2014\/10\/IMG_2282-600x450.jpg\" height=\"480\" width=\"640\" \/><\/a><\/td><\/tr>\n<tr><td class=\"tr-caption\" style=\"text-align: center\">Sz\u00e9lv\u00e9d\u0151 g\u00e1dor \u00e9s kis korl\u00e1t<\/td><\/tr>\n<\/tbody><\/table>\n<br \/>\n<table align=\"center\" cellpadding=\"0\" cellspacing=\"0\" class=\"tr-caption-container\" style=\"margin-left: auto;margin-right: auto;text-align: center\"><tbody>\n<tr><td style=\"text-align: center\"><a href=\"https:\/\/capucine.cafeblog.hu\/files\/2014\/10\/IMG_2283-450x600.jpg\" style=\"margin-left: auto;margin-right: auto\"><img border=\"0\" src=\"https:\/\/capucine.cafeblog.hu\/files\/2014\/10\/IMG_2283-450x600.jpg\" height=\"640\" width=\"480\" \/><\/a><\/td><\/tr>\n<tr><td class=\"tr-caption\" style=\"text-align: center\">elh\u00fazhat\u00f3 ablak \u00e9s egy ismeretlen buckalak\u00f3 asszony<\/td><\/tr>\n<\/tbody><\/table>\n<br \/>\n<div>\n<a href=\"https:\/\/capucine.cafeblog.hu\/files\/2014\/10\/IMG_2289-600x450.jpg\" style=\"margin-left: 1em;margin-right: 1em\"><img border=\"0\" src=\"https:\/\/capucine.cafeblog.hu\/files\/2014\/10\/IMG_2289-600x450.jpg\" height=\"300\" width=\"400\" \/><\/a><\/div>\n<br \/>\n<div>\n<a href=\"https:\/\/capucine.cafeblog.hu\/files\/2014\/10\/IMG_2290-600x450.jpg\" style=\"margin-left: 1em;margin-right: 1em\"><img border=\"0\" src=\"https:\/\/capucine.cafeblog.hu\/files\/2014\/10\/IMG_2290-600x450.jpg\" height=\"480\" width=\"640\" \/><\/a><\/div>\n<br \/>\n<div>\n<a href=\"https:\/\/capucine.cafeblog.hu\/files\/2014\/10\/IMG_2292-450x600.jpg\" style=\"margin-left: 1em;margin-right: 1em\"><img border=\"0\" src=\"https:\/\/capucine.cafeblog.hu\/files\/2014\/10\/IMG_2292-450x600.jpg\" height=\"400\" width=\"300\" \/><\/a><\/div>\n<br \/>\n<table align=\"center\" cellpadding=\"0\" cellspacing=\"0\" class=\"tr-caption-container\" style=\"margin-left: auto;margin-right: auto;text-align: center\"><tbody>\n<tr><td style=\"text-align: center\"><a href=\"https:\/\/capucine.cafeblog.hu\/files\/2014\/10\/IMG_2297-450x600.jpg\" style=\"margin-left: auto;margin-right: auto\"><img border=\"0\" src=\"https:\/\/capucine.cafeblog.hu\/files\/2014\/10\/IMG_2297-450x600.jpg\" height=\"400\" width=\"300\" \/><\/a><\/td><\/tr>\n<tr><td class=\"tr-caption\" style=\"text-align: center\">kemence<\/td><\/tr>\n<\/tbody><\/table>\n<br \/>\n<div>\n<a href=\"https:\/\/capucine.cafeblog.hu\/files\/2014\/10\/IMG_2303-600x450.jpg\" style=\"margin-left: 1em;margin-right: 1em\"><img border=\"0\" src=\"https:\/\/capucine.cafeblog.hu\/files\/2014\/10\/IMG_2303-600x450.jpg\" height=\"480\" width=\"640\" \/><\/a><\/div>\n<br \/>\n<div>\n<a href=\"https:\/\/capucine.cafeblog.hu\/files\/2014\/10\/IMG_2305-600x450.jpg\" style=\"margin-left: 1em;margin-right: 1em\"><img border=\"0\" src=\"https:\/\/capucine.cafeblog.hu\/files\/2014\/10\/IMG_2305-600x450.jpg\" height=\"480\" width=\"640\" \/><\/a><\/div>\n<br \/>\n<div>\n<a href=\"https:\/\/capucine.cafeblog.hu\/files\/2014\/10\/IMG_2308-450x600.jpg\" style=\"margin-left: 1em;margin-right: 1em\"><img border=\"0\" src=\"https:\/\/capucine.cafeblog.hu\/files\/2014\/10\/IMG_2308-450x600.jpg\" height=\"400\" width=\"300\" \/><\/a><\/div>\n<br \/>\n<table align=\"center\" cellpadding=\"0\" cellspacing=\"0\" class=\"tr-caption-container\" style=\"margin-left: auto;margin-right: auto;text-align: center\"><tbody>\n<tr><td style=\"text-align: center\"><a href=\"https:\/\/capucine.cafeblog.hu\/files\/2014\/10\/IMG_2312-600x450.jpg\" style=\"margin-left: auto;margin-right: auto\"><img border=\"0\" src=\"https:\/\/capucine.cafeblog.hu\/files\/2014\/10\/IMG_2312-600x450.jpg\" height=\"480\" width=\"640\" \/><\/a><\/td><\/tr>\n<tr><td class=\"tr-caption\" style=\"text-align: center\">h\u00e1tt\u00e9rben egy templom torony, mint egy partra vetett cethal<\/td><\/tr>\n<\/tbody><\/table>\n<br \/>\n<table align=\"center\" cellpadding=\"0\" cellspacing=\"0\" class=\"tr-caption-container\" style=\"margin-left: auto;margin-right: auto;text-align: center\"><tbody>\n<tr><td style=\"text-align: center\"><a href=\"https:\/\/capucine.cafeblog.hu\/files\/2014\/10\/IMG_2313-450x600.jpg\" style=\"margin-left: auto;margin-right: auto\"><img border=\"0\" src=\"https:\/\/capucine.cafeblog.hu\/files\/2014\/10\/IMG_2313-450x600.jpg\" height=\"640\" width=\"480\" \/><\/a><\/td><\/tr>\n<tr><td class=\"tr-caption\" style=\"text-align: center\">Ez az, aminek a funkci\u00f3j\u00e1ra nem j\u00f6tt\u00fcnk r\u00e1. Tudja valaki?<\/td><\/tr>\n<\/tbody><\/table>\n<br \/>","type":"rich","thumbnail_url":"https:\/\/capucine.cafeblog.hu\/files\/2014\/10\/2-218-150x150.jpg","thumbnail_width":150,"thumbnail_height":150}

Le Café de Capucine

Földházak ezer év távlatából

Ahogy nemrég ígértem, egy írást terveztem a Múzeumfaluban megfogdosott és megcsodált, Árpád kori építészeti bemutatóról.<br />
Október 3.-án nyitott ez a nagyjából 8 házikóból álló kis "falu" tóval és fedett, kemencével összekötött kis sütögetővel. Mi még 90%-os készültségben láttuk, csak kifele menet vettük észre a belépni tilos táblát. Vágyom arra, hogy megnézzem milyen lett az összkép a tereprendezéssel, esetleges használati tárgyakkal, viszont itt most nagyon sokat tanultunk a félkész szerkezetekből, még nem takarta semmi.<br />
Utánaolvastam a néprajzi lexikonban (ami nálam a kutyalexikon szintjén van, piszkosra olvastam mindkettőt), putrinak, vagy burgyénak neveztek minden olyan lakóépületet, amely 60-80 cm-rel nyúlt a földszint alá.&nbsp;Biztosan nem volt náluk centi, hogy szabványméretet készítsenek, de valamit a tudósoknak is rögzíteni kell.&nbsp; <br />
<table align="center" cellpadding="0" cellspacing="0" class="tr-caption-container" style="margin-left: auto;margin-right: auto;text-align: center"><tbody>
<tr><td style="text-align: center"><a href="https://capucine.cafeblog.hu/files/2014/10/2-218.jpg" style="margin-left: auto;margin-right: auto"><img border="0" src="https://capucine.cafeblog.hu/files/2014/10/2-218.jpg" height="273" width="400" /></a></td></tr>
<tr><td class="tr-caption" style="text-align: center">Burgyé ház a magyar néprajzi lexikonból</td></tr>
</tbody></table>
Ez a kép a századfordulón készült, egészen a 2. világháború végéig, használtak a kis falvakban ilyen zsellér hajlékokat. Szerintem nagyon hívogató.Sőt még lehet találni manapság is.<br />
<br />
<table align="center" cellpadding="0" cellspacing="0" class="tr-caption-container" style="margin-left: auto;margin-right: auto;text-align: center"><tbody>
<tr><td style="text-align: center"><a href="https://capucine.cafeblog.hu/files/2014/10/22958971-k1-600x450.jpg" style="margin-left: auto;margin-right: auto"><img border="0" src="https://capucine.cafeblog.hu/files/2014/10/22958971-k1-600x450.jpg" height="300" width="400" /></a></td></tr>
<tr><td class="tr-caption" style="text-align: center">http://www.ingatlantajolo.hu/ingatlan/magyarorszag/zala-megye/cserszegtomaj/haz-hazresz/csaladi-haz/elado-kinal/2727989</td></tr>
</tbody></table>
<br />
<br />
<br />
<br />
Továbbá a héjazat tapasztással készült, szalmával, nád fedéssel, vagy élő tetővel. A gödörből kiemelt földdel a végfalakat tapasztották be és hagytak egy keskeny nyílást, hogy minimális fényt engedjenek be.<br />
<br />
A másik megoldás az áhítozóknak a napsugarak beengedésére az a mini ablak, nagyjából 30x40 cm amelyet egy vékony bőrrel fedtek. Olyan feszesen volt ráhúzva a keretre, hogy meg lehetett doboltatni.<br />
De ne szaladjunk előre a részletekkel.<br />
Elviekben én úgy mentem oda, hogy ez korabeli technikákkal van felépítve és olyan elfogult voltam, hogy nem is vettem észre semmit, csak egy héttel később, mikor beszélgettünk, mesélte P. a kis szemfüles, hogy azért néhány Bau**x-os szöget felfedezett a matériában.<br />
Az értékéből nem von le semmit, mert a nagy szerkezetek fából készült csapokkal voltak rögzítve. A tartószerkezet fái le voltak hántva, belülről gyönyörűen ki lehetett venni a szerkezetet.<br />
Minden kunyhóban volt egy kis tapasztott kemence, erről úgy olvastam, hogy az ajtón és a szerkezet résein szivárgott ki a füstje, de itt több módon volt megoldva.<br />
Volt ez a módszer, volt olyan hely, ahol egy kezdetleges kürtőt építettek vesszőből, ami terelte&nbsp; a felszálló füstöt.<br />
Majdhogynem ahány ház volt, annyi különleges technikát láttam, arra vonatkozóan, hogy hogyan ment a lejárás a padlószintre. Volt olyan, hogy egy farönkbe vágtak lépcső fokokat, volt akadálymentesített rámpa, voltak földből kivágott lépcsők, ezek pepitája, vagyis amikor léceket töltöttek fel földdel.&nbsp; <br />
&nbsp;&nbsp; <br />
<table align="center" cellpadding="0" cellspacing="0" class="tr-caption-container" style="margin-left: auto;margin-right: auto;text-align: center"><tbody>
<tr><td style="text-align: center"><a href="https://capucine.cafeblog.hu/files/2014/10/IMG_2276-450x600.jpg" style="margin-left: auto;margin-right: auto"><img border="0" src="https://capucine.cafeblog.hu/files/2014/10/IMG_2276-450x600.jpg" height="640" width="480" /></a></td></tr>
<tr><td class="tr-caption" style="text-align: center">A lécekkel fedett rész volt a hűtő, azt mondták az okosok</td></tr>
</tbody></table>
<br />
<table align="center" cellpadding="0" cellspacing="0" class="tr-caption-container" style="margin-left: auto;margin-right: auto;text-align: center"><tbody>
<tr><td style="text-align: center"><a href="https://capucine.cafeblog.hu/files/2014/10/IMG_2282-600x450.jpg" style="margin-left: auto;margin-right: auto"><img border="0" src="https://capucine.cafeblog.hu/files/2014/10/IMG_2282-600x450.jpg" height="480" width="640" /></a></td></tr>
<tr><td class="tr-caption" style="text-align: center">Szélvédő gádor és kis korlát</td></tr>
</tbody></table>
<br />
<table align="center" cellpadding="0" cellspacing="0" class="tr-caption-container" style="margin-left: auto;margin-right: auto;text-align: center"><tbody>
<tr><td style="text-align: center"><a href="https://capucine.cafeblog.hu/files/2014/10/IMG_2283-450x600.jpg" style="margin-left: auto;margin-right: auto"><img border="0" src="https://capucine.cafeblog.hu/files/2014/10/IMG_2283-450x600.jpg" height="640" width="480" /></a></td></tr>
<tr><td class="tr-caption" style="text-align: center">elhúzható ablak és egy ismeretlen buckalakó asszony</td></tr>
</tbody></table>
<br />
<div>
<a href="https://capucine.cafeblog.hu/files/2014/10/IMG_2289-600x450.jpg" style="margin-left: 1em;margin-right: 1em"><img border="0" src="https://capucine.cafeblog.hu/files/2014/10/IMG_2289-600x450.jpg" height="300" width="400" /></a></div>
<br />
<div>
<a href="https://capucine.cafeblog.hu/files/2014/10/IMG_2290-600x450.jpg" style="margin-left: 1em;margin-right: 1em"><img border="0" src="https://capucine.cafeblog.hu/files/2014/10/IMG_2290-600x450.jpg" height="480" width="640" /></a></div>
<br />
<div>
<a href="https://capucine.cafeblog.hu/files/2014/10/IMG_2292-450x600.jpg" style="margin-left: 1em;margin-right: 1em"><img border="0" src="https://capucine.cafeblog.hu/files/2014/10/IMG_2292-450x600.jpg" height="400" width="300" /></a></div>
<br />
<table align="center" cellpadding="0" cellspacing="0" class="tr-caption-container" style="margin-left: auto;margin-right: auto;text-align: center"><tbody>
<tr><td style="text-align: center"><a href="https://capucine.cafeblog.hu/files/2014/10/IMG_2297-450x600.jpg" style="margin-left: auto;margin-right: auto"><img border="0" src="https://capucine.cafeblog.hu/files/2014/10/IMG_2297-450x600.jpg" height="400" width="300" /></a></td></tr>
<tr><td class="tr-caption" style="text-align: center">kemence</td></tr>
</tbody></table>
<br />
<div>
<a href="https://capucine.cafeblog.hu/files/2014/10/IMG_2303-600x450.jpg" style="margin-left: 1em;margin-right: 1em"><img border="0" src="https://capucine.cafeblog.hu/files/2014/10/IMG_2303-600x450.jpg" height="480" width="640" /></a></div>
<br />
<div>
<a href="https://capucine.cafeblog.hu/files/2014/10/IMG_2305-600x450.jpg" style="margin-left: 1em;margin-right: 1em"><img border="0" src="https://capucine.cafeblog.hu/files/2014/10/IMG_2305-600x450.jpg" height="480" width="640" /></a></div>
<br />
<div>
<a href="https://capucine.cafeblog.hu/files/2014/10/IMG_2308-450x600.jpg" style="margin-left: 1em;margin-right: 1em"><img border="0" src="https://capucine.cafeblog.hu/files/2014/10/IMG_2308-450x600.jpg" height="400" width="300" /></a></div>
<br />
<table align="center" cellpadding="0" cellspacing="0" class="tr-caption-container" style="margin-left: auto;margin-right: auto;text-align: center"><tbody>
<tr><td style="text-align: center"><a href="https://capucine.cafeblog.hu/files/2014/10/IMG_2312-600x450.jpg" style="margin-left: auto;margin-right: auto"><img border="0" src="https://capucine.cafeblog.hu/files/2014/10/IMG_2312-600x450.jpg" height="480" width="640" /></a></td></tr>
<tr><td class="tr-caption" style="text-align: center">háttérben egy templom torony, mint egy partra vetett cethal</td></tr>
</tbody></table>
<br />
<table align="center" cellpadding="0" cellspacing="0" class="tr-caption-container" style="margin-left: auto;margin-right: auto;text-align: center"><tbody>
<tr><td style="text-align: center"><a href="https://capucine.cafeblog.hu/files/2014/10/IMG_2313-450x600.jpg" style="margin-left: auto;margin-right: auto"><img border="0" src="https://capucine.cafeblog.hu/files/2014/10/IMG_2313-450x600.jpg" height="640" width="480" /></a></td></tr>
<tr><td class="tr-caption" style="text-align: center">Ez az, aminek a funkciójára nem jöttünk rá. Tudja valaki?</td></tr>
</tbody></table>
<br />
